 hundred millions digit of 253903514?
2
What is the thousands digit of 297519853?
9
What is the hundreds digit of 2117012833?
8
What is the thousands digit of 291148171?
8
What is the ten millions digit of 26202341?
2
What is the tens digit of 1515023290?
9
What is the tens digit of 45524421?
2
What is the hundreds digit of 22749623?
6
What is the hundreds digit of 992330187?
1
What is the units digit of 442852098?
8
What is the hundreds digit of 2548377559?
5
What is the millions digit of 842002549?
2
What is the millions digit of 362453842?
2
What is the billions digit of 6803636058?
6
What is the ten thousands digit of 27402998?
0
What is the ten thousands digit of 561231444?
3
What is the hundreds digit of 216361115?
1
What is the ten millions digit of 17801660?
1
What is the millions digit of 49095781?
9
What is the hundred millions digit of 247057023?
2
What is the hundreds digit of 111137078?
0
What is the millions digit of 618634717?
8
What is the units digit of 128791152?
2
What is the hundred millions digit of 121341742?
1
What is the millions digit of 7486556360?
6
What is the units digit of 44812184?
4
What is the hundred thousands digit of 994518?
9
What is the ten millions digit of 48100561?
4
What is the tens digit of 1600082354?
5
What is the hundreds digit of 149961178?
1
What is the thousands digit of 43195932?
5
What is the tens digit of 1293760626?
2
What is the hundred thousands digit of 1364194292?
1
What is the billions digit of 2480630686?
2
What is the hundred thousands digit of 71286993?
2
What is the millions digit of 56830733?
6
What is the ten thousands digit of 340252649?
5
What is the millions digit of 357645408?
7
What is the ten thousands digit of 1016320287?
2
What is the ten thousands digit of 10533228?
3
What is the millions digit of 70117539?
0
What is the thousands digit of 12679012?
9
What is the hundred millions digit of 543956866?
5
What is the ten millions digit of 15727983?
1
What is the tens digit of 119843207?
0
What is the hundred thousands digit of 115236042?
2
What is the hundred millions digit of 4287549828?
2
What is the hundred millions digit of 1540422579?
5
What is the thousands digit of 176973574?
3
What is the ten thousands digit of 56927064?
2
What is the thousands digit of 65322395?
2
What is the millions digit of 2524811?
2
What is the hundred millions digit of 4288258905?
2
What is the tens digit of 162506992?
9
What is the tens digit of 64788044?
4
What is the hundred millions digit of 188577667?
1
What is the tens digit of 80724567?
6
What is the thousands digit of 249983620?
3
What is the hundred thousands digit of 4917545074?
5
What is the hundred thousands digit of 165151323?
1
What is the ten millions digit of 147354422?
4
What is the ten thousands digit of 777608390?
0
What is the thousands digit of 4264225122?
5
What is the hundreds digit of 1636902713?
7
What is the units digit of 460423977?
7
What is the hundreds digit of 3149052052?
0
What is the ten millions digit of 51622954?
5
What is the ten thousands digit of 3123785923?
8
What is the millions digit of 1234062379?
4
What is the ten thousands digit of 369079755?
7
What is the units digit of 212717597?
7
What is the ten millions digit of 141409111?
4
What is the ten millions digit of 121404456?
2
What is the tens digit of 11952087?
8
What is the ten millions digit of 199033363?
9
What is the hundred millions digit of 781069208?
7
What is the units digit of 4086148351?
1
What is the billions digit of 5106093336?
5
What is the thousands digit of 352388401?
8
What is the thousands digit of 15582883?
2
What is the hundred thousands digit of 7008728942?
7
What is the hundred millions digit of 580249752?
5
What is the ten millions digit of 1950633552?
5
What is the hundred millions digit of 750325342?
7
What is the ten millions digit of 468221753?
6
What is the hundred thousands digit of 147273085?
2
What is the ten thousands digit of 74904028?
0
What is the millions digit of 23245301?
3
What is the tens digit of 91770523?
2
What is the ten millions digit of 1402821433?
0
What is the units digit of 238181212?
2
What is the hundreds digit of 238369197?
1
What is the tens digit of 281502971?
7
What is the hundreds digit of 139323681?
6
What is the thousands digit of 65597046?
7
What is the ten thousands digit of 562351649?
5
What is the millions digit of 57846812?
7
What is the hundred thousands digit of 1377149828?
1
What is the millions digit of 1012064312?
2
What is the hundreds digit of 410592440?
4
What is the ten millions digit of 641278605?
4
What is the hundreds digit of 42528949?
9
What is the units digit of 509691094?
4
What is the tens digit of 57300158?
5
What is the billions digit of 3165782658?
3
What is the billions digit of 5038717978?
5
What is the ten thousands digit of 1098470738?
7
What is the millions digit of 439249088?
9
What is the millions digit of 124509971?
4
What is the hundred thousands digit of 38208837?
2
What is the millions digit of 508565685?
8
What is the ten millions digit of 81891927?
8
What is the hundreds digit of 70986369?
3
What is the units digit of 355891103?
3
What is the units digit of 103100627?
7
What is the units digit of 292059700?
0
What is the tens digit of 37508355?
5
What is the ten thousands digit of 19113272?
1
What is the units digit of 294313366?
6
What is the tens digit of 361403770?
7
What is the ten thousands digit of 46754951?
5
What is the thousands digit of 768801449?
1
What is the hundred thousands digit of 10438505?
4
What is the hundreds digit of 105607527?
5
What is the units digit of 74238337?
7
What is the thousands digit of 209950976?
0
What is the ten thousands digit of 3490888966?
8
What is the hundred thousands digit of 628828984?
8
What is the hundred thousands digit of 83468694?
4
What is the thousands digit of 226232127?
2
What is the ten millions digit of 1424604549?
2
What is the hundred thousands digit of 626126966?
1
What is the thousands digit of 8486771754?
1
What is the hundred thousands digit of 126049192?
0
What is the units digit of 135867248?
8
What is the millions digit of 405108076?
5
What is the tens digit of 823662165?
6
What is the ten thousands digit of 431933931?
3
What is the millions digit of 52136123?
2
What is the thousands digit of 441159327?
9
What is the billions digit of 1196676670?
1
What is the thousands digit of 4597517951?
7
What is the hundred millions digit of 1782718558?
7
What is the millions digit of 212321589?
2
What is the hundreds digit of 93923674?
6
What is the millions digit of 1757112416?
7
What is the hundred thousands digit of 104074646?
0
What is the millions digit of 102888047?
2
What is the tens digit of 50655862?
6
What is the hundreds digit of 85368922?
9
What is the tens digit of 45946510?
1
What is the tens digit of 29595099?
9
What is the ten millions digit of 636337946?
3
What is the millions digit of 13026220?
3
What is the tens digit of 1782789491?
9
What is the units digit of 15965290?
0
What is the hundred thousands digit of 167789449?
7
What is the units digit of 1612921969?
9
What is the hundreds digit of 1901090188?
1
What is the thousands digit of 3942749676?
9
What is the hundreds digit of 74325170?
1
What is the thousands digit of 251255133?
5
What is the thousands digit of 40229304?
9
What is the hundred thousands digit of 484689803?
6
What is the ten millions digit of 1106111222?
0
What is the billions digit of 3182248746?
3
What is the ten thousands digit of 177681444?
8
What is the ten thousands digit of 932564634?
6
What is the units digit of 273553799?
9
What is the millions digit of 93789506?
3
What is the tens digit of 4239076468?
6
What is the hundreds digit of 637641720?
7
What is the tens digit of 451820087?
8
What is the units digit of 79469618?
8
What is the thousands digit of 6545420397?
0
What is the tens digit of 79631743?
4
What is the hundred millions digit of 704194643?
7
What is the thousands digit of 5182340943?
0
What is the ten thousands digit of 22637947?
3
What is the units digit of 103094913?
3
What is the tens digit of 2695536898?
9
What is the billions digit of 2314561331?
2
What is the hundreds digit of 386030?
0
What is the hundred thousands digit of 6540613?